base 15) to base 14.
2
What is -1320 (base 6) in base 14?
-1a0
What is -101020 (base 3) in base 15?
-136
Convert 5 (base 8) to base 15.
5
Convert -15 (base 13) to base 7.
-24
What is 7 (base 11) in base 3?
21
What is -64 (base 7) in base 15?
-31
15 (base 16) to base 3
210
What is 3 (base 8) in base 3?
10
-3 (base 9) to base 11
-3
Convert -255 (base 6) to base 5.
-412
Convert -4 (base 8) to base 7.
-4
What is 241 (base 6) in base 7?
166
Convert -122 (base 3) to base 15.
-12
Convert 59 (base 16) to base 13.
6b
81 (base 12) to base 13
76
Convert 0 (base 6) to base 2.
0
What is -10 (base 11) in base 4?
-23
1d (base 16) to base 6
45
Convert -5 (base 10) to base 4.
-11
Convert -48 (base 10) to base 13.
-39
3 (base 15) to base 8
3
113 (base 4) to base 11
21
-3 (base 8) to base 7
-3
What is 1 (base 11) in base 7?
1
-38 (base 11) to base 9
-45
18 (base 10) to base 11
17
What is 0 (base 7) in base 4?
0
-11 (base 8) to base 9
-10
Convert -91 (base 12) to base 16.
-6d
What is -11 (base 8) in base 7?
-12
-2 (base 13) to base 5
-2
What is -1001100 (base 2) in base 7?
-136
Convert 4 (base 10) to base 8.
4
Convert -12 (base 10) to base 3.
-110
Convert -3 (base 8) to base 10.
-3
-10 (base 9) to base 8
-11
3 (base 8) to base 7
3
What is 24 (base 9) in base 5?
42
What is 77 (base 10) in base 7?
140
What is 450 (base 9) in base 12?
269
-1010 (base 3) to base 6
-50
What is -1025 (base 6) in base 7?
-452
Convert -1ab (base 14) to base 7.
-1004
-4 (base 6) to base 14
-4
-33 (base 9) to base 13
-24
What is -1 (base 8) in base 11?
-1
204 (base 5) to base 3
2000
36 (base 11) to base 10
39
-1 (base 10) to base 7
-1
What is -11 (base 13) in base 4?
-32
Convert 15 (base 12) to base 10.
17
Convert -203 (base 4) to base 13.
-29
36 (base 7) to base 10
27
What is 1 (base 3) in base 13?
1
What is -1 (base 7) in base 5?
-1
Convert -40 (base 12) to base 2.
-110000
What is -30 (base 9) in base 3?
-1000
Convert -13 (base 6) to base 15.
-9
What is 2 (base 3) in base 14?
2
What is -12 (base 16) in base 2?
-10010
-11 (base 2) to base 5
-3
-10100 (base 2) to base 7
-26
Convert 63 (base 14) to base 9.
106
3 (base 7) to base 10
3
Convert -11 (base 7) to base 4.
-20
Convert -91 (base 11) to base 5.
-400
Convert 113 (base 10) to base 2.
1110001
-60 (base 8) to base 2
-110000
What is -4 (base 11) in base 4?
-10
What is -5 (base 12) in base 14?
-5
2a (base 14) to base 4
212
Convert 6 (base 8) to base 9.
6
Convert 2 (base 12) to base 11.
2
Convert -10 (base 4) to base 10.
-4
3 (base 4) to base 7
3
Convert -10 (base 3) to base 14.
-3
What is 21 (base 6) in base 15?
d
-18 (base 11) to base 14
-15
3 (base 14) to base 7
3
What is 2d (base 16) in base 11?
41
Convert 1301 (base 4) to base 13.
89
Convert -c0 (base 16) to base 5.
-1232
28 (base 12) to base 3
1012
Convert 4 (base 10) to base 11.
4
8 (base 12) to base 4
20
101 (base 2) to base 8
5
6 (base 11) to base 14
6
Convert -15 (base 6) to base 13.
-b
Convert -3 (base 5) to base 2.
-11
Convert 8 (base 12) to base 3.
22
-10 (base 13) to base 11
-12
What is 1 (base 10) in base 12?
1
Convert -1 (base 9) to base 2.
-1
-2 (base 10) to base 14
-2
What is -111000 (base 2) in base 6?
-132
What is 116 (base 8) in base 15?
53
What is 31 (base 11) in base 12?
2a
What is -10 (base 13) in base 16?
-d
-10101 (base 2) to base 14
-17
42 (base 14) to base 10
58
1 (base 11) to base 9
1
-100212 (base 3) to base 13
-176
Convert -1 (base 4) to base 16.
-1
What is 223 (base 8) in base 7?
300
What is 2133 (base 4) in base 12?
113
Convert -1a (base 16) to base 5.
-101
Convert 1 (base 10) to base 8.
1
What is -3 (base 9) in base 5?
-3
Convert 3 (base 8) to base 12.
3
What is e (base 15) in base 16?
e
-1031 (base 5) to base 14
-a1
Convert -322 (base 4) to base 6.
-134
-12 (base 9) to base 14
-b
What is 30 (base 7) in base 16?
15
1111 (base 3) to base 2
101000
What is -12b (base 14) in base 5?
-1420
What is 11 (base 9) in base 8?
12
Convert 2 (base 4) to base 2.
10
1d (base 16) to base 14
21
6 (base 16) to base 2
110
11 (base 16) to base 5
32
111 (base 2) to base 7
10
Convert 16 (base 15) to base 6.
33
Convert -122 (base 3) to base 2.
-10001
What is 0 (base 11) in base 9?
0
What is 1a (base 15) in base 6?
41
Convert 8 (base 12) to base 6.
12
Convert 38 (base 11) to base 6.
105
-1 (base 4) to base 13
-1
What is -3 (base 5) in base 9?
-3
Convert a (base 14) to base 12.
a
What is 20 (base 14) in base 13?
22
4 (base 5) to base 7
4
-13 (base 5) to base 9
-8
1 (base 11) to base 6
1
Convert 103 (base 7) to base 6.
124
What is 131 (base 8) in base 13?
6b
Convert 6 (base 13) to base 9.
6
-221 (base 4) to base 13
-32
What is -68 (base 9) in base 5?
-222
164 (base 10) to base 13
c8
-15 (base 12) to base 3
-122
What is -332 (base 5) in base 9?
-112
-2 (base 15) to base 8
-2
Convert 1d (base 16) to base 10.
29
-122 (base 4) to base 3
-222
a3 (base 13) to base 16
85
What is -4 (base 13) in base 15?
-4
-15 (base 6) to base 9
-12
Convert -20202 (base 3) to base 15.
-c2
Convert 0 (base 3) to base 8.
0
-3 (base 11) to base 9
-3
What is 120 (base 9) in base 10?
99
What is 9 (base 11) in base 12?
9
Convert 29 (base 11) to base 2.
11111
Convert -333 (base 7) to base 11.
-146
What is -2 (base 13) in base 14?
-2
82 (base 14) to base 11
a4
-7b (base 16) to base 12
-a3
Convert -113 (base 16) to base 3.
-101012
Convert 12 (base 14) to base 12.
14
What is -11202 (base 3) in base 7?
-242
Convert -17 (base 10) to base 11.
-16
What is 44 (base 5) in base 15?
19
What is -1302 (base 5) in base 11?
-174
-21 (base 12) to base 15
-1a
What is 2 (base 10) in base 16?
2
3 (base 11) to base 6
3
5 (base 9) to base 14
5
Convert -75 (base 10) to base 12.
-63
Convert 88 (base 11) to base 10.
96
Convert 2 (base 13) to base 5.
2
2 (base 4) to base 12
2
-c2 (base 16) to base 15
-ce
Convert -13 (base 4) to base 2.
-111
What is 5 (base 15) in base 4?
11
-12 (base 13) to base 4
-33
2 (base 11) to base 10
2
1 (base 9) to base 2
1
85 (base 10) to base 4
1111
What is 0 (base 7) in base 3?
0
16 (base 14) to base 3
202
19 (base 12) to base 10
21
Convert 21 (base 11) to base 4.
113
What is 0 (base 12) in base 10?
0
Convert 8 (base 14) to base 2.
1000
What is -21 (base 6) in base 11?
-12
Convert 3 (base 11) to base 8.
3
What is -2 (base 12) in base 3?
-2
22 (base 3) to base 4
20
What is 14 (base 10) in base 7?
20
What is -7 (base 11) in base 13?
-7
What is 7 (base 8) in base 12?
7
What is -c (base 16) in base 2?
-1100
-56 (base 8) to base 3
-1201
Convert 0 (base 11) to base 4.
0
What is 12 (base 13) in base 3?
120
Convert 10 (base 2) to base 10.
2
1141 (base 6) to base 5
2102
What is 3 (base 12) in base 16?
3
What is -3 (base 10) in base 6?
-3
-4 (base 15) to base 5
-4
Convert -1c (base 15) to base 9.
-30
12011 (base 3) to base 7
256
-12 (base 14) to base 8
-20
What is -11001 (base 2) in base 8?
-31
Convert 4 (base 5) to base 10.
4
-2 (base 16) to base 5
-2
0 (base 4) to base 6
0
Convert -2 (base 16) to base 4.
-2
What is 4 (base 16) in base 5?
4
-118 (base 15) to base 16
-f8
What is -100101 (base 3) in base 2?
-11111101
Convert -23 (base 11) to base 16.
-19
Convert -8 (base 13) to base 16.
-8
11202 (base 3) to base 11
107
4 (base 14) to base 5
4
-1100011 (base 2) to base 11
-90
14 (base 5) to base 8
11
-116 (base 8) to base 4
-1032
Convert -7 (base 10) to base 15.
-7
Convert 2 (base 7) to base 11.
2
Convert -11 (base 2) to base 6.
-3
-17 (base 10) to base 7
-23
What is 4 (base 9) in base 12?
4
-2d (base 16) to base 11
-41
What is -1 (base 3) in base 6?
-1
Convert 3 (base 8) to base 7.
3
Convert -1 (base 12) to base 14.
-1
Convert 94 (base 13) to base 3.
11111
-11 (base 3) to base 12
-4
-1 (base 8) to base 6
-1
Convert -15 (base 11) to base 6.
-24
33 (base 4) to base 15
10
What is -6 (base 11) in base 5?
-11
What is 28 (base 10) in base 6?
44
-31 (base 11) to base 9
-37
What is -23 (base 6) in base 15?
-10
Convert -23 (base 4) to base 6.
-15
What is d (base 16) in base 5?
23
What is 181 (base 16) in base 9?
467
Convert 71 (base 9) to base 8.
100
Convert 5 (base 11) to base 14.
5
Convert -213 (base 7) to base 2.
-1101100
Convert -11 (base 9) to base 8.
-12
6 (base 15) to base 5
11
-25 (base 13) to base 4
-133
1011 (base 3) to base 4
133
-16 (base 13) to base 11
-18
What is -5 (base 10) in base 16?
-5
What is 3 (base 7) in 